{"id":6,"date":"2020-01-03T18:43:08","date_gmt":"2020-01-03T17:43:08","guid":{"rendered":"https:\/\/quantenquark.com\/fakt-und-vorurteil\/?page_id=6"},"modified":"2021-08-03T23:43:30","modified_gmt":"2021-08-03T21:43:30","slug":"die-autoren","status":"publish","type":"page","link":"https:\/\/quantenquark.com\/fakt-und-vorurteil\/die-autoren\/","title":{"rendered":"Die Autoren"},"content":{"rendered":"<h3><img loading=\"lazy\" decoding=\"async\" class=\"alignnone size-full wp-image-33\" style=\"font-size: 16px; font-weight: 400;\" src=\"http:\/\/quantenquark.com\/fakt-und-vorurteil\/wp-content\/uploads\/sites\/7\/2021\/08\/72c59eb2a41f6e0ee94647a7cb038ae5cfa81a49-ulrikeschiesser.jpg\" alt=\"\" width=\"800\" height=\"600\" srcset=\"https:\/\/quantenquark.com\/fakt-und-vorurteil\/wp-content\/uploads\/sites\/7\/2021\/08\/72c59eb2a41f6e0ee94647a7cb038ae5cfa81a49-ulrikeschiesser.jpg 800w, https:\/\/quantenquark.com\/fakt-und-vorurteil\/wp-content\/uploads\/sites\/7\/2021\/08\/72c59eb2a41f6e0ee94647a7cb038ae5cfa81a49-ulrikeschiesser-300x225.jpg 300w, https:\/\/quantenquark.com\/fakt-und-vorurteil\/wp-content\/uploads\/sites\/7\/2021\/08\/72c59eb2a41f6e0ee94647a7cb038ae5cfa81a49-ulrikeschiesser-768x576.jpg 768w\" sizes=\"auto, (max-width: 800px) 85vw, 800px\" \/><\/h3>\r\n<h3>Mag. Ulrike Schiesser<\/h3>\r\n<!-- \/wp:post-content -->\r\n\r\n<!-- wp:paragraph -->\r\n<p>hat an der Universit\u00e4t Wien Psychologie studiert und begleitet an der \u00f6sterreichischen Bundesstelle f\u00fcr Sektenfragen Menschen durch Umdenk- und Ver\u00e4nderungsprozesse. Sie ist Expertin f\u00fcr Konflikte im Bereich Esoterik, f\u00fcr Personenkulte, autorit\u00e4re und vereinnahmende Gruppenstrukturen und Verschw\u00f6rungstheorien.<\/p>\r\n<p>&nbsp;<\/p>\r\n<p><img loading=\"lazy\" decoding=\"async\" class=\"alignnone size-full wp-image-35\" src=\"http:\/\/quantenquark.com\/fakt-und-vorurteil\/wp-content\/uploads\/sites\/7\/2021\/08\/HuemmlerHolm-21_6x6-sw.jpg\" alt=\"\" width=\"709\" height=\"709\" srcset=\"https:\/\/quantenquark.com\/fakt-und-vorurteil\/wp-content\/uploads\/sites\/7\/2021\/08\/HuemmlerHolm-21_6x6-sw.jpg 709w, https:\/\/quantenquark.com\/fakt-und-vorurteil\/wp-content\/uploads\/sites\/7\/2021\/08\/HuemmlerHolm-21_6x6-sw-300x300.jpg 300w, https:\/\/quantenquark.com\/fakt-und-vorurteil\/wp-content\/uploads\/sites\/7\/2021\/08\/HuemmlerHolm-21_6x6-sw-150x150.jpg 150w\" sizes=\"auto, (max-width: 709px) 85vw, 709px\" \/><\/p>\r\n<!-- \/wp:paragraph -->\r\n\r\n<!-- wp:heading {\"level\":3} -->\r\n<h3>Dr. Holm Gero H\u00fcmmler<\/h3>\r\n<!-- \/wp:heading -->\r\n\r\n<!-- wp:paragraph -->\r\n<p>hat Physik studiert und am Max-Planck-Institut f\u00fcr Physik in M\u00fcnchen promoviert. Nach l\u00e4ngeren Forschungsaufenthalten u.a. am CERN arbeitet er jetzt selbstst\u00e4ndig als Unternehmensberater. Er engagiert sich u.a. in der Skeptikerorganisation GWUP mit Vortr\u00e4gen und Artikeln.<\/p>\r\n<!-- \/wp:paragraph -->","protected":false},"excerpt":{"rendered":"<p>Mag. Ulrike Schiesser hat an der Universit\u00e4t Wien Psychologie studiert und begleitet an der \u00f6sterreichischen Bundesstelle f\u00fcr Sektenfragen Menschen durch Umdenk- und Ver\u00e4nderungsprozesse. Sie ist Expertin f\u00fcr Konflikte im Bereich Esoterik, f\u00fcr Personenkulte, autorit\u00e4re und vereinnahmende Gruppenstrukturen und Verschw\u00f6rungstheorien. &nbsp; Dr. Holm Gero H\u00fcmmler hat Physik studiert und am Max-Planck-Institut f\u00fcr Physik in M\u00fcnchen promoviert. &hellip; <a href=\"https:\/\/quantenquark.com\/fakt-und-vorurteil\/die-autoren\/\" class=\"more-link\"><span class=\"screen-reader-text\">\u201eDie Autoren\u201c<\/span> weiterlesen<\/a><\/p>\n","protected":false},"author":2,"featured_media":0,"parent":0,"menu_order":0,"comment_status":"closed","ping_status":"closed","template":"","meta":{"footnotes":""},"class_list":["post-6","page","type-page","status-publish","hentry"],"_links":{"self":[{"href":"https:\/\/quantenquark.com\/fakt-und-vorurteil\/wp-json\/wp\/v2\/pages\/6","targetHints":{"allow":["GET"]}}],"collection":[{"href":"https:\/\/quantenquark.com\/fakt-und-vorurteil\/wp-json\/wp\/v2\/pages"}],"about":[{"href":"https:\/\/quantenquark.com\/fakt-und-vorurteil\/wp-json\/wp\/v2\/types\/page"}],"author":[{"embeddable":true,"href":"https:\/\/quantenquark.com\/fakt-und-vorurteil\/wp-json\/wp\/v2\/users\/2"}],"replies":[{"embeddable":true,"href":"https:\/\/quantenquark.com\/fakt-und-vorurteil\/wp-json\/wp\/v2\/comments?post=6"}],"version-history":[{"count":4,"href":"https:\/\/quantenquark.com\/fakt-und-vorurteil\/wp-json\/wp\/v2\/pages\/6\/revisions"}],"predecessor-version":[{"id":36,"href":"https:\/\/quantenquark.com\/fakt-und-vorurteil\/wp-json\/wp\/v2\/pages\/6\/revisions\/36"}],"wp:attachment":[{"href":"https:\/\/quantenquark.com\/fakt-und-vorurteil\/wp-json\/wp\/v2\/media?parent=6"}],"curies":[{"name":"wp","href":"https:\/\/api.w.org\/{rel}","templated":true}]}}